{"id":4558,"date":"2023-07-23T08:00:17","date_gmt":"2023-07-23T08:00:17","guid":{"rendered":"http:\/\/mjarc.com\/projeto\/projeto-unidade-hoteleira-hotel-fonte-santa\/"},"modified":"2023-11-27T16:58:16","modified_gmt":"2023-11-27T16:58:16","slug":"hotel-fonte-santa-unit-hotel","status":"publish","type":"projeto","link":"https:\/\/mjarc.com\/en\/architecture-projects\/hotel-fonte-santa-unit-hotel\/","title":{"rendered":"Fonte Santa Hotel"},"content":{"rendered":"<p>The Hotel Termas de Fonte Santa is located in an unspoilt countryside area a few meters from the Fonte Santa Thermal Baths and just two kilometers from the historic center of Almeida.<\/p>\n<p>The client is determined to combine exclusivity with sustainability, integrating the project into the surrounding landscape. There is no doubt that the landscape on the slopes of the C\u00f4a River can only be maintained by preserving its rugged beauty.<\/p>\n<p>The challenge posed to MJARC was to design a hotel with approximately 4000 square meters that would maintain the natural setting.<br \/>\nIn response to this challenging program, MJARC designed the entire hotel development as a displacement of the existing site, of green replicating the natural landscape.<\/p>\n<p>At the same time, an analysis of climate, temperature, precipitation, wind and solar incidence was carried out for the use of passive cooling strategies in summer and passive heating in winter. The building was developed to maximize efficiency, ensuring a constant dialogue between the interior space and the surrounding landscape. The result is a permeable building<br \/>\nwhere the boundaries between interior and exterior fade, where the materials used wood and shale merge with the landscape.<\/p>\n<p>The future unit aims to provide a full experience, an architecture that merges with the surroundings.<\/p>\n","protected":false},"excerpt":{"rendered":"<p>The Hotel Termas de Fonte Santa is located in an unspoilt countryside area a few meters from the Fonte Santa Thermal Baths and just two kilometers from the historic center of Almeida. The client is determined to combine exclusivity with sustainability, integrating the project into the surrounding landscape. There is no doubt that the landscape [&hellip;]<\/p>\n<p class=\"read-more\"><a class=\"button\" href=\"https:\/\/mjarc.com\/en\/architecture-projects\/hotel-fonte-santa-unit-hotel\/\">Read More<\/a><\/p>\n","protected":false},"featured_media":16484,"template":"","tags":[],"categoria_projetos":[],"class_list":["post-4558","projeto","type-projeto","status-publish","has-post-thumbnail","hentry"],"yoast_head":"<!-- This site is optimized with the Yoast SEO plugin v27.3 - https:\/\/yoast.com\/product\/yoast-seo-wordpress\/ -->\n<title>hotel-fonte-santa-unit-hotel<\/title>\n<meta name=\"description\" content=\"Projecto de arquitetura realizado por MJARC Arquitectos para a Proje\u00e7\u00e3o da unidade hoteleira Yuj Eco Resort. Visite este projeto arquitet\u00f4nico\" \/>\n<meta name=\"robots\" content=\"index, follow, max-snippet:-1, max-image-preview:large, max-video-preview:-1\" \/>\n<link rel=\"canonical\" href=\"https:\/\/mjarc.com\/architecture-projects\/projeto-unidade-hoteleira-hotel-fonte-santa\/\" \/>\n<meta property=\"og:locale\" content=\"en_US\" \/>\n<meta property=\"og:type\" content=\"article\" \/>\n<meta property=\"og:title\" content=\"hotel-fonte-santa-unit-hotel\" \/>\n<meta property=\"og:description\" content=\"Projecto de arquitetura realizado por MJARC Arquitectos para a Proje\u00e7\u00e3o da unidade hoteleira Yuj Eco Resort. Visite este projeto arquitet\u00f4nico\" \/>\n<meta property=\"og:url\" content=\"https:\/\/mjarc.com\/architecture-projects\/projeto-unidade-hoteleira-hotel-fonte-santa\/\" \/>\n<meta property=\"og:site_name\" content=\"Mjarc\" \/>\n<meta property=\"article:publisher\" content=\"https:\/\/www.facebook.com\/mjarc.arquitectos\/\" \/>\n<meta property=\"article:modified_time\" content=\"2023-11-27T16:58:16+00:00\" \/>\n<meta property=\"og:image\" content=\"https:\/\/mjarc.com\/wp-content\/uploads\/2023\/07\/1-44-scaled.jpg\" \/>\n\t<meta property=\"og:image:width\" content=\"2560\" \/>\n\t<meta property=\"og:image:height\" content=\"1920\" \/>\n\t<meta property=\"og:image:type\" content=\"image\/jpeg\" \/>\n<meta name=\"twitter:card\" content=\"summary_large_image\" \/>\n<meta name=\"twitter:label1\" content=\"Est. reading time\" \/>\n\t<meta name=\"twitter:data1\" content=\"2 minutes\" \/>\n<script type=\"application\/ld+json\" class=\"yoast-schema-graph\">{\"@context\":\"https:\\\/\\\/schema.org\",\"@graph\":[{\"@type\":\"WebPage\",\"@id\":\"https:\\\/\\\/mjarc.com\\\/architecture-projects\\\/projeto-unidade-hoteleira-hotel-fonte-santa\\\/\",\"url\":\"https:\\\/\\\/mjarc.com\\\/architecture-projects\\\/projeto-unidade-hoteleira-hotel-fonte-santa\\\/\",\"name\":\"hotel-fonte-santa-unit-hotel\",\"isPartOf\":{\"@id\":\"https:\\\/\\\/mjarc.com\\\/fr\\\/#website\"},\"primaryImageOfPage\":{\"@id\":\"https:\\\/\\\/mjarc.com\\\/architecture-projects\\\/projeto-unidade-hoteleira-hotel-fonte-santa\\\/#primaryimage\"},\"image\":{\"@id\":\"https:\\\/\\\/mjarc.com\\\/architecture-projects\\\/projeto-unidade-hoteleira-hotel-fonte-santa\\\/#primaryimage\"},\"thumbnailUrl\":\"https:\\\/\\\/mjarc.com\\\/wp-content\\\/uploads\\\/2023\\\/07\\\/hotel-fonte-santa.webp\",\"datePublished\":\"2023-07-23T08:00:17+00:00\",\"dateModified\":\"2023-11-27T16:58:16+00:00\",\"description\":\"Projecto de arquitetura realizado por MJARC Arquitectos para a Proje\u00e7\u00e3o da unidade hoteleira Yuj Eco Resort. Visite este projeto arquitet\u00f4nico\",\"breadcrumb\":{\"@id\":\"https:\\\/\\\/mjarc.com\\\/architecture-projects\\\/projeto-unidade-hoteleira-hotel-fonte-santa\\\/#breadcrumb\"},\"inLanguage\":\"en-US\",\"potentialAction\":[{\"@type\":\"ReadAction\",\"target\":[\"https:\\\/\\\/mjarc.com\\\/architecture-projects\\\/projeto-unidade-hoteleira-hotel-fonte-santa\\\/\"]}]},{\"@type\":\"ImageObject\",\"inLanguage\":\"en-US\",\"@id\":\"https:\\\/\\\/mjarc.com\\\/architecture-projects\\\/projeto-unidade-hoteleira-hotel-fonte-santa\\\/#primaryimage\",\"url\":\"https:\\\/\\\/mjarc.com\\\/wp-content\\\/uploads\\\/2023\\\/07\\\/hotel-fonte-santa.webp\",\"contentUrl\":\"https:\\\/\\\/mjarc.com\\\/wp-content\\\/uploads\\\/2023\\\/07\\\/hotel-fonte-santa.webp\",\"width\":1400,\"height\":1050,\"caption\":\"hotel fonte santa enquadrado na paisagem verde e perto de um rio\"},{\"@type\":\"BreadcrumbList\",\"@id\":\"https:\\\/\\\/mjarc.com\\\/architecture-projects\\\/projeto-unidade-hoteleira-hotel-fonte-santa\\\/#breadcrumb\",\"itemListElement\":[{\"@type\":\"ListItem\",\"position\":1,\"name\":\"In\u00edcio\",\"item\":\"https:\\\/\\\/mjarc.com\\\/en\\\/\"},{\"@type\":\"ListItem\",\"position\":2,\"name\":\"Fonte Santa Hotel\"}]},{\"@type\":\"WebSite\",\"@id\":\"https:\\\/\\\/mjarc.com\\\/fr\\\/#website\",\"url\":\"https:\\\/\\\/mjarc.com\\\/fr\\\/\",\"name\":\"Mjarc\",\"description\":\"\",\"publisher\":{\"@id\":\"https:\\\/\\\/mjarc.com\\\/fr\\\/#organization\"},\"potentialAction\":[{\"@type\":\"SearchAction\",\"target\":{\"@type\":\"EntryPoint\",\"urlTemplate\":\"https:\\\/\\\/mjarc.com\\\/fr\\\/?s={search_term_string}\"},\"query-input\":{\"@type\":\"PropertyValueSpecification\",\"valueRequired\":true,\"valueName\":\"search_term_string\"}}],\"inLanguage\":\"en-US\"},{\"@type\":\"Organization\",\"@id\":\"https:\\\/\\\/mjarc.com\\\/fr\\\/#organization\",\"name\":\"Mjarc\",\"url\":\"https:\\\/\\\/mjarc.com\\\/fr\\\/\",\"logo\":{\"@type\":\"ImageObject\",\"inLanguage\":\"en-US\",\"@id\":\"https:\\\/\\\/mjarc.com\\\/fr\\\/#\\\/schema\\\/logo\\\/image\\\/\",\"url\":\"https:\\\/\\\/mjarc.com\\\/wp-content\\\/uploads\\\/2023\\\/08\\\/logo_black_1.png\",\"contentUrl\":\"https:\\\/\\\/mjarc.com\\\/wp-content\\\/uploads\\\/2023\\\/08\\\/logo_black_1.png\",\"width\":130,\"height\":130,\"caption\":\"Mjarc\"},\"image\":{\"@id\":\"https:\\\/\\\/mjarc.com\\\/fr\\\/#\\\/schema\\\/logo\\\/image\\\/\"},\"sameAs\":[\"https:\\\/\\\/www.facebook.com\\\/mjarc.arquitectos\\\/\",\"https:\\\/\\\/www.instagram.com\\\/mjarc.arq\\\/\"]}]}<\/script>\n<!-- \/ Yoast SEO plugin. -->","yoast_head_json":{"title":"hotel-fonte-santa-unit-hotel","description":"Projecto de arquitetura realizado por MJARC Arquitectos para a Proje\u00e7\u00e3o da unidade hoteleira Yuj Eco Resort. Visite este projeto arquitet\u00f4nico","robots":{"index":"index","follow":"follow","max-snippet":"max-snippet:-1","max-image-preview":"max-image-preview:large","max-video-preview":"max-video-preview:-1"},"canonical":"https:\/\/mjarc.com\/architecture-projects\/projeto-unidade-hoteleira-hotel-fonte-santa\/","og_locale":"en_US","og_type":"article","og_title":"hotel-fonte-santa-unit-hotel","og_description":"Projecto de arquitetura realizado por MJARC Arquitectos para a Proje\u00e7\u00e3o da unidade hoteleira Yuj Eco Resort. Visite este projeto arquitet\u00f4nico","og_url":"https:\/\/mjarc.com\/architecture-projects\/projeto-unidade-hoteleira-hotel-fonte-santa\/","og_site_name":"Mjarc","article_publisher":"https:\/\/www.facebook.com\/mjarc.arquitectos\/","article_modified_time":"2023-11-27T16:58:16+00:00","og_image":[{"width":2560,"height":1920,"url":"https:\/\/mjarc.com\/wp-content\/uploads\/2023\/07\/1-44-scaled.jpg","type":"image\/jpeg"}],"twitter_card":"summary_large_image","twitter_misc":{"Est. reading time":"2 minutes"},"schema":{"@context":"https:\/\/schema.org","@graph":[{"@type":"WebPage","@id":"https:\/\/mjarc.com\/architecture-projects\/projeto-unidade-hoteleira-hotel-fonte-santa\/","url":"https:\/\/mjarc.com\/architecture-projects\/projeto-unidade-hoteleira-hotel-fonte-santa\/","name":"hotel-fonte-santa-unit-hotel","isPartOf":{"@id":"https:\/\/mjarc.com\/fr\/#website"},"primaryImageOfPage":{"@id":"https:\/\/mjarc.com\/architecture-projects\/projeto-unidade-hoteleira-hotel-fonte-santa\/#primaryimage"},"image":{"@id":"https:\/\/mjarc.com\/architecture-projects\/projeto-unidade-hoteleira-hotel-fonte-santa\/#primaryimage"},"thumbnailUrl":"https:\/\/mjarc.com\/wp-content\/uploads\/2023\/07\/hotel-fonte-santa.webp","datePublished":"2023-07-23T08:00:17+00:00","dateModified":"2023-11-27T16:58:16+00:00","description":"Projecto de arquitetura realizado por MJARC Arquitectos para a Proje\u00e7\u00e3o da unidade hoteleira Yuj Eco Resort. Visite este projeto arquitet\u00f4nico","breadcrumb":{"@id":"https:\/\/mjarc.com\/architecture-projects\/projeto-unidade-hoteleira-hotel-fonte-santa\/#breadcrumb"},"inLanguage":"en-US","potentialAction":[{"@type":"ReadAction","target":["https:\/\/mjarc.com\/architecture-projects\/projeto-unidade-hoteleira-hotel-fonte-santa\/"]}]},{"@type":"ImageObject","inLanguage":"en-US","@id":"https:\/\/mjarc.com\/architecture-projects\/projeto-unidade-hoteleira-hotel-fonte-santa\/#primaryimage","url":"https:\/\/mjarc.com\/wp-content\/uploads\/2023\/07\/hotel-fonte-santa.webp","contentUrl":"https:\/\/mjarc.com\/wp-content\/uploads\/2023\/07\/hotel-fonte-santa.webp","width":1400,"height":1050,"caption":"hotel fonte santa enquadrado na paisagem verde e perto de um rio"},{"@type":"BreadcrumbList","@id":"https:\/\/mjarc.com\/architecture-projects\/projeto-unidade-hoteleira-hotel-fonte-santa\/#breadcrumb","itemListElement":[{"@type":"ListItem","position":1,"name":"In\u00edcio","item":"https:\/\/mjarc.com\/en\/"},{"@type":"ListItem","position":2,"name":"Fonte Santa Hotel"}]},{"@type":"WebSite","@id":"https:\/\/mjarc.com\/fr\/#website","url":"https:\/\/mjarc.com\/fr\/","name":"Mjarc","description":"","publisher":{"@id":"https:\/\/mjarc.com\/fr\/#organization"},"potentialAction":[{"@type":"SearchAction","target":{"@type":"EntryPoint","urlTemplate":"https:\/\/mjarc.com\/fr\/?s={search_term_string}"},"query-input":{"@type":"PropertyValueSpecification","valueRequired":true,"valueName":"search_term_string"}}],"inLanguage":"en-US"},{"@type":"Organization","@id":"https:\/\/mjarc.com\/fr\/#organization","name":"Mjarc","url":"https:\/\/mjarc.com\/fr\/","logo":{"@type":"ImageObject","inLanguage":"en-US","@id":"https:\/\/mjarc.com\/fr\/#\/schema\/logo\/image\/","url":"https:\/\/mjarc.com\/wp-content\/uploads\/2023\/08\/logo_black_1.png","contentUrl":"https:\/\/mjarc.com\/wp-content\/uploads\/2023\/08\/logo_black_1.png","width":130,"height":130,"caption":"Mjarc"},"image":{"@id":"https:\/\/mjarc.com\/fr\/#\/schema\/logo\/image\/"},"sameAs":["https:\/\/www.facebook.com\/mjarc.arquitectos\/","https:\/\/www.instagram.com\/mjarc.arq\/"]}]}},"_links":{"self":[{"href":"https:\/\/mjarc.com\/en\/wp-json\/wp\/v2\/projeto\/4558","targetHints":{"allow":["GET"]}}],"collection":[{"href":"https:\/\/mjarc.com\/en\/wp-json\/wp\/v2\/projeto"}],"about":[{"href":"https:\/\/mjarc.com\/en\/wp-json\/wp\/v2\/types\/projeto"}],"version-history":[{"count":0,"href":"https:\/\/mjarc.com\/en\/wp-json\/wp\/v2\/projeto\/4558\/revisions"}],"wp:featuredmedia":[{"embeddable":true,"href":"https:\/\/mjarc.com\/en\/wp-json\/wp\/v2\/media\/16484"}],"wp:attachment":[{"href":"https:\/\/mjarc.com\/en\/wp-json\/wp\/v2\/media?parent=4558"}],"wp:term":[{"taxonomy":"post_tag","embeddable":true,"href":"https:\/\/mjarc.com\/en\/wp-json\/wp\/v2\/tags?post=4558"},{"taxonomy":"categoria_projetos","embeddable":true,"href":"https:\/\/mjarc.com\/en\/wp-json\/wp\/v2\/categoria_projetos?post=4558"}],"curies":[{"name":"wp","href":"https:\/\/api.w.org\/{rel}","templated":true}]}}

<p>The Hotel Termas de Fonte Santa is located in an unspoilt countryside area a few meters from the Fonte Santa Thermal Baths and just two kilometers from the historic center of Almeida.</p>
<p>The client is determined to combine exclusivity with sustainability, integrating the project into the surrounding landscape. There is no doubt that the landscape on the slopes of the Côa River can only be maintained by preserving its rugged beauty.</p>
<p>The challenge posed to MJARC was to design a hotel with approximately 4000 square meters that would maintain the natural setting.<br />
In response to this challenging program, MJARC designed the entire hotel development as a displacement of the existing site, of green replicating the natural landscape.</p>
<p>At the same time, an analysis of climate, temperature, precipitation, wind and solar incidence was carried out for the use of passive cooling strategies in summer and passive heating in winter. The building was developed to maximize efficiency, ensuring a constant dialogue between the interior space and the surrounding landscape. The result is a permeable building<br />
where the boundaries between interior and exterior fade, where the materials used wood and shale merge with the landscape.</p>
<p>The future unit aims to provide a full experience, an architecture that merges with the surroundings.</p>

<!-- This site is optimized with the Yoast SEO plugin v27.3 - https://yoast.com/product/yoast-seo-wordpress/ -->
<title>hotel-fonte-santa-unit-hotel</title>
<meta name="description" content="Projecto de arquitetura realizado por MJARC Arquitectos para a Projeção da unidade hoteleira Yuj Eco Resort. Visite este projeto arquitetônico" />
<meta name="robots" content="index, follow, max-snippet:-1, max-image-preview:large, max-video-preview:-1" />
<link rel="canonical" href="https://mjarc.com/architecture-projects/projeto-unidade-hoteleira-hotel-fonte-santa/" />
<meta property="og:locale" content="en_US" />
<meta property="og:type" content="article" />
<meta property="og:title" content="hotel-fonte-santa-unit-hotel" />
<meta property="og:description" content="Projecto de arquitetura realizado por MJARC Arquitectos para a Projeção da unidade hoteleira Yuj Eco Resort. Visite este projeto arquitetônico" />
<meta property="og:url" content="https://mjarc.com/architecture-projects/projeto-unidade-hoteleira-hotel-fonte-santa/" />
<meta property="og:site_name" content="Mjarc" />
<meta property="article:publisher" content="https://www.facebook.com/mjarc.arquitectos/" />
<meta property="article:modified_time" content="2023-11-27T16:58:16+00:00" />
<meta property="og:image" content="https://mjarc.com/wp-content/uploads/2023/07/1-44-scaled.jpg" />
	<meta property="og:image:width" content="2560" />
	<meta property="og:image:height" content="1920" />
	<meta property="og:image:type" content="image/jpeg" />
<meta name="twitter:card" content="summary_large_image" />
<meta name="twitter:label1" content="Est. reading time" />
	<meta name="twitter:data1" content="2 minutes" />
<script type="application/ld+json" class="yoast-schema-graph">{"@context":"https:\/\/schema.org","@graph":[{"@type":"WebPage","@id":"https:\/\/mjarc.com\/architecture-projects\/projeto-unidade-hoteleira-hotel-fonte-santa\/","url":"https:\/\/mjarc.com\/architecture-projects\/projeto-unidade-hoteleira-hotel-fonte-santa\/","name":"hotel-fonte-santa-unit-hotel","isPartOf":{"@id":"https:\/\/mjarc.com\/fr\/#website"},"primaryImageOfPage":{"@id":"https:\/\/mjarc.com\/architecture-projects\/projeto-unidade-hoteleira-hotel-fonte-santa\/#primaryimage"},"image":{"@id":"https:\/\/mjarc.com\/architecture-projects\/projeto-unidade-hoteleira-hotel-fonte-santa\/#primaryimage"},"thumbnailUrl":"https:\/\/mjarc.com\/wp-content\/uploads\/2023\/07\/hotel-fonte-santa.webp","datePublished":"2023-07-23T08:00:17+00:00","dateModified":"2023-11-27T16:58:16+00:00","description":"Projecto de arquitetura realizado por MJARC Arquitectos para a Projeção da unidade hoteleira Yuj Eco Resort. Visite este projeto arquitetônico","breadcrumb":{"@id":"https:\/\/mjarc.com\/architecture-projects\/projeto-unidade-hoteleira-hotel-fonte-santa\/#breadcrumb"},"inLanguage":"en-US","potentialAction":[{"@type":"ReadAction","target":["https:\/\/mjarc.com\/architecture-projects\/projeto-unidade-hoteleira-hotel-fonte-santa\/"]}]},{"@type":"ImageObject","inLanguage":"en-US","@id":"https:\/\/mjarc.com\/architecture-projects\/projeto-unidade-hoteleira-hotel-fonte-santa\/#primaryimage","url":"https:\/\/mjarc.com\/wp-content\/uploads\/2023\/07\/hotel-fonte-santa.webp","contentUrl":"https:\/\/mjarc.com\/wp-content\/uploads\/2023\/07\/hotel-fonte-santa.webp","width":1400,"height":1050,"caption":"hotel fonte santa enquadrado na paisagem verde e perto de um rio"},{"@type":"BreadcrumbList","@id":"https:\/\/mjarc.com\/architecture-projects\/projeto-unidade-hoteleira-hotel-fonte-santa\/#breadcrumb","itemListElement":[{"@type":"ListItem","position":1,"name":"Início","item":"https:\/\/mjarc.com\/en\/"},{"@type":"ListItem","position":2,"name":"Fonte Santa Hotel"}]},{"@type":"WebSite","@id":"https:\/\/mjarc.com\/fr\/#website","url":"https:\/\/mjarc.com\/fr\/","name":"Mjarc","description":"","publisher":{"@id":"https:\/\/mjarc.com\/fr\/#organization"},"potentialAction":[{"@type":"SearchAction","target":{"@type":"EntryPoint","urlTemplate":"https:\/\/mjarc.com\/fr\/?s={search_term_string}"},"query-input":{"@type":"PropertyValueSpecification","valueRequired":true,"valueName":"search_term_string"}}],"inLanguage":"en-US"},{"@type":"Organization","@id":"https:\/\/mjarc.com\/fr\/#organization","name":"Mjarc","url":"https:\/\/mjarc.com\/fr\/","logo":{"@type":"ImageObject","inLanguage":"en-US","@id":"https:\/\/mjarc.com\/fr\/#\/schema\/logo\/image\/","url":"https:\/\/mjarc.com\/wp-content\/uploads\/2023\/08\/logo_black_1.png","contentUrl":"https:\/\/mjarc.com\/wp-content\/uploads\/2023\/08\/logo_black_1.png","width":130,"height":130,"caption":"Mjarc"},"image":{"@id":"https:\/\/mjarc.com\/fr\/#\/schema\/logo\/image\/"},"sameAs":["https:\/\/www.facebook.com\/mjarc.arquitectos\/","https:\/\/www.instagram.com\/mjarc.arq\/"]}]}</script>
<!-- / Yoast SEO plugin. -->

Projecto de arquitetura realizado por MJARC Arquitectos para a Projeção da unidade hoteleira Yuj Eco Resort. Visite este projeto arquitetônico

Início
