{"id":15931,"date":"2025-12-04T11:04:58","date_gmt":"2025-12-04T11:04:58","guid":{"rendered":"https:\/\/mjarc.com\/?post_type=premio&#038;p=15931"},"modified":"2025-12-04T11:08:33","modified_gmt":"2025-12-04T11:08:33","slug":"house-of-the-year-rural-small-archello-awards-2025","status":"publish","type":"premio","link":"https:\/\/mjarc.com\/fr\/premio\/house-of-the-year-rural-small-archello-awards-2025\/","title":{"rendered":"House of the Year Rural Small \u2013 Archello Awards 2025"},"featured_media":15929,"template":"","class_list":["post-15931","premio","type-premio","status-publish","has-post-thumbnail","hentry"],"yoast_head":"<!-- This site is optimized with the Yoast SEO plugin v27.3 - https:\/\/yoast.com\/product\/yoast-seo-wordpress\/ -->\n<title>House of the Year Rural Small \u2013 Archello Awards 2025 - Mjarc<\/title>\n<meta name=\"robots\" content=\"index, follow, max-snippet:-1, max-image-preview:large, max-video-preview:-1\" \/>\n<link rel=\"canonical\" href=\"https:\/\/mjarc.com\/fr\/premio\/house-of-the-year-rural-small-archello-awards-2025\/\" \/>\n<meta property=\"og:locale\" content=\"fr_FR\" \/>\n<meta property=\"og:type\" content=\"article\" \/>\n<meta property=\"og:title\" content=\"House of the Year Rural Small \u2013 Archello Awards 2025 - Mjarc\" \/>\n<meta property=\"og:url\" content=\"https:\/\/mjarc.com\/fr\/premio\/house-of-the-year-rural-small-archello-awards-2025\/\" \/>\n<meta property=\"og:site_name\" content=\"Mjarc\" \/>\n<meta property=\"article:publisher\" content=\"https:\/\/www.facebook.com\/mjarc.arquitectos\/\" \/>\n<meta property=\"article:modified_time\" content=\"2025-12-04T11:08:33+00:00\" \/>\n<meta property=\"og:image\" content=\"https:\/\/mjarc.com\/wp-content\/uploads\/2025\/12\/Wood-House-Archello-FR.webp\" \/>\n\t<meta property=\"og:image:width\" content=\"1080\" \/>\n\t<meta property=\"og:image:height\" content=\"1350\" \/>\n\t<meta property=\"og:image:type\" content=\"image\/webp\" \/>\n<meta name=\"twitter:card\" content=\"summary_large_image\" \/>\n<script type=\"application\/ld+json\" class=\"yoast-schema-graph\">{\"@context\":\"https:\\\/\\\/schema.org\",\"@graph\":[{\"@type\":\"WebPage\",\"@id\":\"https:\\\/\\\/mjarc.com\\\/fr\\\/premio\\\/house-of-the-year-rural-small-archello-awards-2025\\\/\",\"url\":\"https:\\\/\\\/mjarc.com\\\/fr\\\/premio\\\/house-of-the-year-rural-small-archello-awards-2025\\\/\",\"name\":\"House of the Year Rural Small \u2013 Archello Awards 2025 - Mjarc\",\"isPartOf\":{\"@id\":\"https:\\\/\\\/mjarc.com\\\/fr\\\/#website\"},\"primaryImageOfPage\":{\"@id\":\"https:\\\/\\\/mjarc.com\\\/fr\\\/premio\\\/house-of-the-year-rural-small-archello-awards-2025\\\/#primaryimage\"},\"image\":{\"@id\":\"https:\\\/\\\/mjarc.com\\\/fr\\\/premio\\\/house-of-the-year-rural-small-archello-awards-2025\\\/#primaryimage\"},\"thumbnailUrl\":\"https:\\\/\\\/mjarc.com\\\/wp-content\\\/uploads\\\/2025\\\/12\\\/Wood-House-Archello-FR.webp\",\"datePublished\":\"2025-12-04T11:04:58+00:00\",\"dateModified\":\"2025-12-04T11:08:33+00:00\",\"breadcrumb\":{\"@id\":\"https:\\\/\\\/mjarc.com\\\/fr\\\/premio\\\/house-of-the-year-rural-small-archello-awards-2025\\\/#breadcrumb\"},\"inLanguage\":\"fr-FR\",\"potentialAction\":[{\"@type\":\"ReadAction\",\"target\":[\"https:\\\/\\\/mjarc.com\\\/fr\\\/premio\\\/house-of-the-year-rural-small-archello-awards-2025\\\/\"]}]},{\"@type\":\"ImageObject\",\"inLanguage\":\"fr-FR\",\"@id\":\"https:\\\/\\\/mjarc.com\\\/fr\\\/premio\\\/house-of-the-year-rural-small-archello-awards-2025\\\/#primaryimage\",\"url\":\"https:\\\/\\\/mjarc.com\\\/wp-content\\\/uploads\\\/2025\\\/12\\\/Wood-House-Archello-FR.webp\",\"contentUrl\":\"https:\\\/\\\/mjarc.com\\\/wp-content\\\/uploads\\\/2025\\\/12\\\/Wood-House-Archello-FR.webp\",\"width\":1080,\"height\":1350,\"caption\":\"Un enfant aux cheveux longs se tient sur le toit plat d'une maison moderne en bois et en m\u00e9tal, regardant un vaste paysage de collines verdoyantes et un fleuve ou un r\u00e9servoir. Dans le coin inf\u00e9rieur droit, un texte en surimpression indique : 'jury winner House of the Year Rural \u2014 Small arch\u00e9 awards 25 Douro Wood House Laur\u00e9at', pr\u00e9cisant que la maison a remport\u00e9 un prix. La maison est dot\u00e9e d'un bardage en bois fonc\u00e9 et d'un d\u00e9bord de toit en m\u00e9tal rouill\u00e9 qui surplombe le paysage.\"},{\"@type\":\"BreadcrumbList\",\"@id\":\"https:\\\/\\\/mjarc.com\\\/fr\\\/premio\\\/house-of-the-year-rural-small-archello-awards-2025\\\/#breadcrumb\",\"itemListElement\":[{\"@type\":\"ListItem\",\"position\":1,\"name\":\"In\u00edcio\",\"item\":\"https:\\\/\\\/mjarc.com\\\/fr\\\/\"},{\"@type\":\"ListItem\",\"position\":2,\"name\":\"House of the Year Rural Small \u2013 Archello Awards 2025\"}]},{\"@type\":\"WebSite\",\"@id\":\"https:\\\/\\\/mjarc.com\\\/fr\\\/#website\",\"url\":\"https:\\\/\\\/mjarc.com\\\/fr\\\/\",\"name\":\"Mjarc\",\"description\":\"\",\"publisher\":{\"@id\":\"https:\\\/\\\/mjarc.com\\\/fr\\\/#organization\"},\"potentialAction\":[{\"@type\":\"SearchAction\",\"target\":{\"@type\":\"EntryPoint\",\"urlTemplate\":\"https:\\\/\\\/mjarc.com\\\/fr\\\/?s={search_term_string}\"},\"query-input\":{\"@type\":\"PropertyValueSpecification\",\"valueRequired\":true,\"valueName\":\"search_term_string\"}}],\"inLanguage\":\"fr-FR\"},{\"@type\":\"Organization\",\"@id\":\"https:\\\/\\\/mjarc.com\\\/fr\\\/#organization\",\"name\":\"Mjarc\",\"url\":\"https:\\\/\\\/mjarc.com\\\/fr\\\/\",\"logo\":{\"@type\":\"ImageObject\",\"inLanguage\":\"fr-FR\",\"@id\":\"https:\\\/\\\/mjarc.com\\\/fr\\\/#\\\/schema\\\/logo\\\/image\\\/\",\"url\":\"https:\\\/\\\/mjarc.com\\\/wp-content\\\/uploads\\\/2023\\\/08\\\/logo_black_1.png\",\"contentUrl\":\"https:\\\/\\\/mjarc.com\\\/wp-content\\\/uploads\\\/2023\\\/08\\\/logo_black_1.png\",\"width\":130,\"height\":130,\"caption\":\"Mjarc\"},\"image\":{\"@id\":\"https:\\\/\\\/mjarc.com\\\/fr\\\/#\\\/schema\\\/logo\\\/image\\\/\"},\"sameAs\":[\"https:\\\/\\\/www.facebook.com\\\/mjarc.arquitectos\\\/\",\"https:\\\/\\\/www.instagram.com\\\/mjarc.arq\\\/\"]}]}<\/script>\n<!-- \/ Yoast SEO plugin. -->","yoast_head_json":{"title":"House of the Year Rural Small \u2013 Archello Awards 2025 - Mjarc","robots":{"index":"index","follow":"follow","max-snippet":"max-snippet:-1","max-image-preview":"max-image-preview:large","max-video-preview":"max-video-preview:-1"},"canonical":"https:\/\/mjarc.com\/fr\/premio\/house-of-the-year-rural-small-archello-awards-2025\/","og_locale":"fr_FR","og_type":"article","og_title":"House of the Year Rural Small \u2013 Archello Awards 2025 - Mjarc","og_url":"https:\/\/mjarc.com\/fr\/premio\/house-of-the-year-rural-small-archello-awards-2025\/","og_site_name":"Mjarc","article_publisher":"https:\/\/www.facebook.com\/mjarc.arquitectos\/","article_modified_time":"2025-12-04T11:08:33+00:00","og_image":[{"width":1080,"height":1350,"url":"https:\/\/mjarc.com\/wp-content\/uploads\/2025\/12\/Wood-House-Archello-FR.webp","type":"image\/webp"}],"twitter_card":"summary_large_image","schema":{"@context":"https:\/\/schema.org","@graph":[{"@type":"WebPage","@id":"https:\/\/mjarc.com\/fr\/premio\/house-of-the-year-rural-small-archello-awards-2025\/","url":"https:\/\/mjarc.com\/fr\/premio\/house-of-the-year-rural-small-archello-awards-2025\/","name":"House of the Year Rural Small \u2013 Archello Awards 2025 - Mjarc","isPartOf":{"@id":"https:\/\/mjarc.com\/fr\/#website"},"primaryImageOfPage":{"@id":"https:\/\/mjarc.com\/fr\/premio\/house-of-the-year-rural-small-archello-awards-2025\/#primaryimage"},"image":{"@id":"https:\/\/mjarc.com\/fr\/premio\/house-of-the-year-rural-small-archello-awards-2025\/#primaryimage"},"thumbnailUrl":"https:\/\/mjarc.com\/wp-content\/uploads\/2025\/12\/Wood-House-Archello-FR.webp","datePublished":"2025-12-04T11:04:58+00:00","dateModified":"2025-12-04T11:08:33+00:00","breadcrumb":{"@id":"https:\/\/mjarc.com\/fr\/premio\/house-of-the-year-rural-small-archello-awards-2025\/#breadcrumb"},"inLanguage":"fr-FR","potentialAction":[{"@type":"ReadAction","target":["https:\/\/mjarc.com\/fr\/premio\/house-of-the-year-rural-small-archello-awards-2025\/"]}]},{"@type":"ImageObject","inLanguage":"fr-FR","@id":"https:\/\/mjarc.com\/fr\/premio\/house-of-the-year-rural-small-archello-awards-2025\/#primaryimage","url":"https:\/\/mjarc.com\/wp-content\/uploads\/2025\/12\/Wood-House-Archello-FR.webp","contentUrl":"https:\/\/mjarc.com\/wp-content\/uploads\/2025\/12\/Wood-House-Archello-FR.webp","width":1080,"height":1350,"caption":"Un enfant aux cheveux longs se tient sur le toit plat d'une maison moderne en bois et en m\u00e9tal, regardant un vaste paysage de collines verdoyantes et un fleuve ou un r\u00e9servoir. Dans le coin inf\u00e9rieur droit, un texte en surimpression indique : 'jury winner House of the Year Rural \u2014 Small arch\u00e9 awards 25 Douro Wood House Laur\u00e9at', pr\u00e9cisant que la maison a remport\u00e9 un prix. La maison est dot\u00e9e d'un bardage en bois fonc\u00e9 et d'un d\u00e9bord de toit en m\u00e9tal rouill\u00e9 qui surplombe le paysage."},{"@type":"BreadcrumbList","@id":"https:\/\/mjarc.com\/fr\/premio\/house-of-the-year-rural-small-archello-awards-2025\/#breadcrumb","itemListElement":[{"@type":"ListItem","position":1,"name":"In\u00edcio","item":"https:\/\/mjarc.com\/fr\/"},{"@type":"ListItem","position":2,"name":"House of the Year Rural Small \u2013 Archello Awards 2025"}]},{"@type":"WebSite","@id":"https:\/\/mjarc.com\/fr\/#website","url":"https:\/\/mjarc.com\/fr\/","name":"Mjarc","description":"","publisher":{"@id":"https:\/\/mjarc.com\/fr\/#organization"},"potentialAction":[{"@type":"SearchAction","target":{"@type":"EntryPoint","urlTemplate":"https:\/\/mjarc.com\/fr\/?s={search_term_string}"},"query-input":{"@type":"PropertyValueSpecification","valueRequired":true,"valueName":"search_term_string"}}],"inLanguage":"fr-FR"},{"@type":"Organization","@id":"https:\/\/mjarc.com\/fr\/#organization","name":"Mjarc","url":"https:\/\/mjarc.com\/fr\/","logo":{"@type":"ImageObject","inLanguage":"fr-FR","@id":"https:\/\/mjarc.com\/fr\/#\/schema\/logo\/image\/","url":"https:\/\/mjarc.com\/wp-content\/uploads\/2023\/08\/logo_black_1.png","contentUrl":"https:\/\/mjarc.com\/wp-content\/uploads\/2023\/08\/logo_black_1.png","width":130,"height":130,"caption":"Mjarc"},"image":{"@id":"https:\/\/mjarc.com\/fr\/#\/schema\/logo\/image\/"},"sameAs":["https:\/\/www.facebook.com\/mjarc.arquitectos\/","https:\/\/www.instagram.com\/mjarc.arq\/"]}]}},"_links":{"self":[{"href":"https:\/\/mjarc.com\/fr\/wp-json\/wp\/v2\/premio\/15931","targetHints":{"allow":["GET"]}}],"collection":[{"href":"https:\/\/mjarc.com\/fr\/wp-json\/wp\/v2\/premio"}],"about":[{"href":"https:\/\/mjarc.com\/fr\/wp-json\/wp\/v2\/types\/premio"}],"wp:featuredmedia":[{"embeddable":true,"href":"https:\/\/mjarc.com\/fr\/wp-json\/wp\/v2\/media\/15929"}],"wp:attachment":[{"href":"https:\/\/mjarc.com\/fr\/wp-json\/wp\/v2\/media?parent=15931"}],"curies":[{"name":"wp","href":"https:\/\/api.w.org\/{rel}","templated":true}]}}

<!-- This site is optimized with the Yoast SEO plugin v27.3 - https://yoast.com/product/yoast-seo-wordpress/ -->
<title>House of the Year Rural Small – Archello Awards 2025 - Mjarc</title>
<meta name="robots" content="index, follow, max-snippet:-1, max-image-preview:large, max-video-preview:-1" />
<link rel="canonical" href="https://mjarc.com/fr/premio/house-of-the-year-rural-small-archello-awards-2025/" />
<meta property="og:locale" content="fr_FR" />
<meta property="og:type" content="article" />
<meta property="og:title" content="House of the Year Rural Small – Archello Awards 2025 - Mjarc" />
<meta property="og:url" content="https://mjarc.com/fr/premio/house-of-the-year-rural-small-archello-awards-2025/" />
<meta property="og:site_name" content="Mjarc" />
<meta property="article:publisher" content="https://www.facebook.com/mjarc.arquitectos/" />
<meta property="article:modified_time" content="2025-12-04T11:08:33+00:00" />
<meta property="og:image" content="https://mjarc.com/wp-content/uploads/2025/12/Wood-House-Archello-FR.webp" />
	<meta property="og:image:width" content="1080" />
	<meta property="og:image:height" content="1350" />
	<meta property="og:image:type" content="image/webp" />
<meta name="twitter:card" content="summary_large_image" />
<script type="application/ld+json" class="yoast-schema-graph">{"@context":"https:\/\/schema.org","@graph":[{"@type":"WebPage","@id":"https:\/\/mjarc.com\/fr\/premio\/house-of-the-year-rural-small-archello-awards-2025\/","url":"https:\/\/mjarc.com\/fr\/premio\/house-of-the-year-rural-small-archello-awards-2025\/","name":"House of the Year Rural Small – Archello Awards 2025 - Mjarc","isPartOf":{"@id":"https:\/\/mjarc.com\/fr\/#website"},"primaryImageOfPage":{"@id":"https:\/\/mjarc.com\/fr\/premio\/house-of-the-year-rural-small-archello-awards-2025\/#primaryimage"},"image":{"@id":"https:\/\/mjarc.com\/fr\/premio\/house-of-the-year-rural-small-archello-awards-2025\/#primaryimage"},"thumbnailUrl":"https:\/\/mjarc.com\/wp-content\/uploads\/2025\/12\/Wood-House-Archello-FR.webp","datePublished":"2025-12-04T11:04:58+00:00","dateModified":"2025-12-04T11:08:33+00:00","breadcrumb":{"@id":"https:\/\/mjarc.com\/fr\/premio\/house-of-the-year-rural-small-archello-awards-2025\/#breadcrumb"},"inLanguage":"fr-FR","potentialAction":[{"@type":"ReadAction","target":["https:\/\/mjarc.com\/fr\/premio\/house-of-the-year-rural-small-archello-awards-2025\/"]}]},{"@type":"ImageObject","inLanguage":"fr-FR","@id":"https:\/\/mjarc.com\/fr\/premio\/house-of-the-year-rural-small-archello-awards-2025\/#primaryimage","url":"https:\/\/mjarc.com\/wp-content\/uploads\/2025\/12\/Wood-House-Archello-FR.webp","contentUrl":"https:\/\/mjarc.com\/wp-content\/uploads\/2025\/12\/Wood-House-Archello-FR.webp","width":1080,"height":1350,"caption":"Un enfant aux cheveux longs se tient sur le toit plat d'une maison moderne en bois et en métal, regardant un vaste paysage de collines verdoyantes et un fleuve ou un réservoir. Dans le coin inférieur droit, un texte en surimpression indique : 'jury winner House of the Year Rural — Small arché awards 25 Douro Wood House Lauréat', précisant que la maison a remporté un prix. La maison est dotée d'un bardage en bois foncé et d'un débord de toit en métal rouillé qui surplombe le paysage."},{"@type":"BreadcrumbList","@id":"https:\/\/mjarc.com\/fr\/premio\/house-of-the-year-rural-small-archello-awards-2025\/#breadcrumb","itemListElement":[{"@type":"ListItem","position":1,"name":"Início","item":"https:\/\/mjarc.com\/fr\/"},{"@type":"ListItem","position":2,"name":"House of the Year Rural Small – Archello Awards 2025"}]},{"@type":"WebSite","@id":"https:\/\/mjarc.com\/fr\/#website","url":"https:\/\/mjarc.com\/fr\/","name":"Mjarc","description":"","publisher":{"@id":"https:\/\/mjarc.com\/fr\/#organization"},"potentialAction":[{"@type":"SearchAction","target":{"@type":"EntryPoint","urlTemplate":"https:\/\/mjarc.com\/fr\/?s={search_term_string}"},"query-input":{"@type":"PropertyValueSpecification","valueRequired":true,"valueName":"search_term_string"}}],"inLanguage":"fr-FR"},{"@type":"Organization","@id":"https:\/\/mjarc.com\/fr\/#organization","name":"Mjarc","url":"https:\/\/mjarc.com\/fr\/","logo":{"@type":"ImageObject","inLanguage":"fr-FR","@id":"https:\/\/mjarc.com\/fr\/#\/schema\/logo\/image\/","url":"https:\/\/mjarc.com\/wp-content\/uploads\/2023\/08\/logo_black_1.png","contentUrl":"https:\/\/mjarc.com\/wp-content\/uploads\/2023\/08\/logo_black_1.png","width":130,"height":130,"caption":"Mjarc"},"image":{"@id":"https:\/\/mjarc.com\/fr\/#\/schema\/logo\/image\/"},"sameAs":["https:\/\/www.facebook.com\/mjarc.arquitectos\/","https:\/\/www.instagram.com\/mjarc.arq\/"]}]}</script>
<!-- / Yoast SEO plugin. -->

Un enfant aux cheveux longs se tient sur le toit plat d'une maison moderne en bois et en métal, regardant un vaste paysage de collines verdoyantes et un fleuve ou un réservoir. Dans le coin inférieur droit, un texte en surimpression indique : 'jury winner House of the Year Rural — Small arché awards 25 Douro Wood House Lauréat', précisant que la maison a remporté un prix. La maison est dotée d'un bardage en bois foncé et d'un débord de toit en métal rouillé qui surplombe le paysage.

Início
